x). Suppose 91 = 5*p + i, -v = -5*p + 3*i + 93. Is p prime?
True
Let f = -583 + 1262. Is f a prime number?
False
Let o(a) = -3*a**3 + 9*a**2 - 12*a - 17. Is o(-11) prime?
True
Suppose 2*c = -1 - 1. Let k = c + 3. Suppose -166 = -5*u - k*s, -u - 2*s + 24 = -6. Is u a composite number?
True
Let r be (-1 + 2)/((-1)/2). Is 47*2 + (1 - r) a composite number?
False
Is (-280)/(-6) + 6/(-9) composite?
True
Let h(a) = 7*a + 4. Let z be h(-5). Let k be (-3)/((-3)/(-2)) - z. Suppose 2*v - k = 1. Is v a prime number?
False
Suppose -5*x - 67 = -1182. Is x a composite number?
False
Suppose 0 = -13*b + 9*b + 508. Is b prime?
True
Let y = 582 - -953. Is y a prime number?
False
Let q(b) be the first derivative of -53*b**2/2 + 4. Is q(-1) a composite number?
False
Suppose 4*n = -s + 50, -n + 7 = -0*n + 3*s. Suppose -5 = -2*d + n. Let f(p) = -p**2 + 11*p - 8. Is f(d) a composite number?
True
Suppose 0 = 5*g - 0*g - 20. Suppose 0 = -a - g*l + 14, -8 + 2 = 2*l. Suppose 59 + a = h. Is h a composite number?
True
Suppose -2*m - 2*m + 16 = -4*i, -4*m - 8 = 4*i. Is ((-20)/i)/(14/21) a composite number?
True
Let o = -28 - -30. Let u = -49 + 81. Suppose 5*z + u = i, -i + o*z = -21 - 14. Is i prime?
True
Let q(a) = 4*a**3 - 4*a**2 - 3*a - 6. Is q(5) a composite number?
False
Suppose 3*x + 982 = 5*x. Is x prime?
True
Let n = 31 - 11. Suppose 5*a - n = 0, s - 2*a + a - 333 = 0. Is s composite?
False
Let v = 752 - -97. Is v a composite number?
True
Suppose -2*w = w - 11703. Is w a prime number?
False
Suppose -2 = s + s, 4*s - 915 = -g. Is g prime?
True
Is (-6)/4*((-230)/3 + 4) composite?
False
Let w = 0 + -2. Let v be w - -4 - (-2)/1. Suppose v*s - m - 162 = -s, -3*m - 156 = -5*s. Is s a composite number?
True
Suppose -g + 243 = -986. Is g prime?
True
Let p be 387/(-15) - (-1)/(-5). Let d be (-1 + 0 + 0)*-3. Is 4*d/((-24)/p) prime?
True
Let q = -225 - -464. Is q composite?
False
Suppose 5*r - z - 7100 = 4*z, -5671 = -4*r + z. Is r composite?
True
Suppose 5*k = 2*k - 57. Let p = 38 + k. Is p a composite number?
False
Let h = 656 - -135. Is h a prime number?
False
Suppose 3*t - 3632 + 1271 = 0. Is t composite?
False
Suppose u + 2549 - 9847 = -2*v, 2*v - 3*u - 7282 = 0. Is v a prime number?
False
Let h(s) = 5*s**3 + 3*s**2 - 3*s + 2. Let i be h(3). Suppose 2*m + 3*m - i = 0. Is m a prime number?
True
Let j(s) be the third derivative of 9*s**4/2 - s**3/6 - 5*s**2. Is j(3) prime?
False
Let s(d) = -3*d**3 - 3*d**2 - 2*d - 2. Let f be -1*(-5)/(15/(-6)). Let m be s(f). Is -2 + m - 2*-1 prime?
False
Let b(q) = 193*q - 7. Is b(2) composite?
False
Let c = -285 + 626. Let a = -164 + c. Is a prime?
False
Suppose 4*y = -y + 1340. Suppose -y = -5*m + 217. Is m prime?
True
Let w(l) = -l - 9. Let k be w(-12). Let h(c) = 3*c**3 + 3*c - 1. Let n(a) = a**3. Let o(i) = h(i) - 2*n(i). Is o(k) composite?
True
Let c = -21 - -11. Is (28/c)/((-10)/25) composite?
False
Let y(q) = -q**3 + 4*q**2 + q. Let r be y(4). Suppose -6*w + r = -5*w. Suppose w*t + t - 555 = 0. Is t composite?
True
Let k be ((-4)/10)/(3/15). Let h be (3 - (k - -1)) + -2. Suppose 4*w - 3*v - 136 = 0, h*w - 3*w + 5*v = -17. Is w a prime number?
True
Let c(k) = 1 + 0*k - 4 - k. Let t be c(-6). Suppose -t*x + 29 = -4. Is x composite?
False
Let t = 8 - 4. Suppose 0 = 4*n + t*d, 4*n + d + 2*d = 4. Suppose -999 = -5*x + 2*x - n*h, 2*h - 993 = -3*x. Is x prime?
False
Let n(b) = 34*b + 21. Is n(8) prime?
True
Suppose b + 2095 = 6*t - t, -1676 = -4*t - 5*b. Is t prime?
True
Suppose 3*y - 3*b + 22 = 7, 2*y - b = -10. Let g be (3/5)/(2/10). Is g/(y - -2) + 20 a prime number?
True
Let v = 72 - 39. Is v prime?
False
Let h = 4320 - 1887. Is h a composite number?
True
Let o be -6*(-1)/3*82. Let g be o/10 + (-10)/25. Suppose g = -5*p + 281. Is p prime?
True
Suppose j + 5*w - 2*w + 1 = 0, 5*j + 4*w + 38 = 0. Is (-1)/(-5) + (-308)/j a composite number?
False
Let f be (-9)/(-6) - 207/(-2). Let d be (2 + 128/(-5))*-10. Let n = d - f. Is n prime?
True
Let y be 8/3*(-324)/48. Let m = y - -32. Is m prime?
False
Let a be (2 - 0 - 2) + 325. Suppose a = -0*w + 5*w. Suppose -w = -0*f - f. Is f a prime number?
False
Suppose 2*l + l + 4*u - 5 = 0, -5*l + 17 = -2*u. Let v(j) = 9 - 9*j - 5*j**2 + l*j**2 + j**2 - 2*j. Is v(-7) prime?
True
Suppose 3*c + c = -4*m - 572, 5 = -5*c. Let r = -55 - m. Is r prime?
False
Suppose -3*h + h + 73 = 3*d, 0 = -5*h + 5*d + 170. Is h composite?
True
Suppose 0 = j + 6*b - 2*b - 81, -3*b + 272 = 4*j. Suppose -6*y + 5*y = -j. Suppose 3*c - y - 46 = 0. Is c a prime number?
True
Suppose 2*j + 4*h = 76, 5*h - 86 = -3*j + 30. Let b be 1/1 + (-2)/(-2). Suppose 4*r + b*t - 52 = 14, j = 3*r + 3*t. Is r prime?
True
Suppose 2985 = 4*q + 821. Is q prime?
True
Suppose 4*t - 800 = -f, -179 = -t + 5*f - 0*f. Is t prime?
True
Suppose 2*d - 88 = 3*d. Let v(l) = -l**2 + l - 53. Let w be v(0). Let o = w - d. Is o a prime number?
False
Let d(t) = t**2 - 5. Is d(-6) prime?
True
Suppose k = -k + 730. Is k composite?
True
Let o(b) be the second derivative of b**3/6 + 21*b**2/2 + 3*b. Is o(0) composite?
True
Let y = 3413 + -1756. Is y composite?
False
Suppose -m = -2*m. Let z be 218/2 + 0 - 0. Suppose 5*w - z - 46 = m. Is w prime?
True
Let c(d) = d**2 - 6*d**3 + 0*d**2 - 4 + d**2 - 10*d**2 - 7*d. Is c(-5) prime?
False
Is (3 - 10)*(-85 + 2) prime?
False
Suppose 0 = 2*h + 7 + 45. Let l = -5 - h. Is l prime?
False
Suppose -17*a + 15784 = -9*a. Is a a composite number?
False
Suppose -5*l - 9 = -4*m, -2*m + 9*l = 4*l + 3. Let k(v) = 2*v**2 + 3*v - 8. Is k(m) a prime number?
False
Let b = -45 - -19. Let w = b - 21. Let d = -21 - w. Is d a prime number?
False
Suppose 0 = 3*k - 84. Let s = 48 - -11. Let o = s - k. Is o a composite number?
False
Suppose b - 5 = -3*b + 5*j, 5*b - 2*j = 2. Suppose 5*o - 590 = -b*o. Is o a prime number?
False
Let k = 158 + 95. Is k a composite number?
True
Suppose 0 = 5*v + 2*m - 186, -4*v + 146 = -0*m + 3*m. Suppose -v = -t - 5*s, t + 4*s - 67 = -26. Is t a prime number?
True
Let w(u) = -u**2 - 9*u - 9. Let h be w(-7). Let x(n) = -5*n**2 + 25*n - 46. Let t(g) = -g**2 + 5*g - 9. Let k(a) = -11*t(a) + 2*x(a). Is k(h) composite?
False
Let t = 674 + 113. Is t a prime number?
True
Suppose p = -0*p + 877. Is p prime?
True
Let p(q) = q**2 + 81. Let k be p(0). Let j(a) = -4*a**2 + k + 65 - 59 + 5*a**2. Is j(0) a prime number?
False
Suppose -3*g - 267 = -4*g. Is g a prime number?
False
Let n(k) = -53*k**2 + 6*k + 7. Let r(d) = -d**2 + d + 1. Let u(v) = -n(v) + 6*r(v). Suppose 8*q - 3*q + 10 = 0. Is u(q) a composite number?
True
Suppose -k + 7 = -36. Let j = 64 - k. Is j prime?
False
Is (-2)/10 - (-53232)/60 a composite number?
False
Suppose -v + 2*v + 7 = -m, 0 = 4*m + 2*v + 28. Suppose 21 - 65 = 2*d + 4*k, -50 = 2*d + 2*k. Is ((-67)/(-4))/(m/d) a prime number?
True
Let p be (99/(-11))/((-2)/6). Let j = 19 + p. Is j a prime number?
False
Let s(m) = 20*m**3 - 2*m + 1. Let g be s(1). Suppose 16 + g = l. Is l composite?
True
Let b(s) = -s**3 + 6*s**2 + 2*s - 9. Let n be b(6). Is 389/n + 4/(-6) a composite number?
True
Suppose -3*m - i = -55, 0 = -2*i + 2 - 12. Suppose -m = -r - 4*r. Is (130/r)/((-2)/(-4)) composite?
True
Let f = -81 + 173. Suppose -3*i + f = -i. Is i a composite number?
True
Let h be 4/(-3)*(-819)/6. Suppose 3*z + h = 5*z. Is z a prime number?
False
Let l = -362 + 181. Let v = l + 308. Let m = v - 90. Is m a composite number?
False
Suppose l = d - 75, 4*l + 27 = -3*d - 238. Let o = 104 + l. Is o a prime number?
False
Suppose 5*k - 7 = 13. Suppose -3*s + 0*s = k*u + 613, u + 182 = 5*s. Let z = u + 276. Is z composite?
True
Let y(b) = b**3 - 8*b**2 + 10. Let j(z) = z**3 + z + 1. Let k(s) = -s**3 - 6*s**2 + 3*s + 1. Let d(g) = -2*j(g) - k(g). Let m be d(4). Is y(m) a prime number?
False
Is (1 + -4 + 0)/((-9)/879) prime?
True
Suppose 4*z + 4 = 4*w, w + 2*z - 13 = -3*z. Suppose -133 = -5*q - u, -36 = -w*q + 3*u + 51. Suppose -q = -3*x - 6. Is x a composite number?
False
Let j(t) = t**3 + 7*t**2 - t - 9. Let a be j(-7). Let d = 7 - a. Is d composite?
True
Let w = 372 - -10. Is w a composite number?
True
Let v = 5 - -221. Is (1 - -1)/(4/v) composite?
False
Let w be (2/6)/((-3)/36). Let q(k) = 4*k**2 - 5*k - 5. Is q(w) a prime number?
True
Suppose -2*s + 1 = -3*j - 2*j, j + 34 = 3*s. Suppose 3 - s = -2*d. Suppose -6 = -n - d*m + 